*3 + 115*b**2 + 235*b + 1017. Calculate d(-113).
0
Let v(l) = -2*l**3 - l**2 - 2*l + 15. Give v(2).
-9
Let r(q) = 18*q**2 - q - 103. What is r(-4)?
189
Let c(i) = -i**2 + 77*i - 1579. What is c(42)?
-109
Let z(d) = -4*d**2 + 8*d - 11. Calculate z(6).
-107
Let p(t) = -t**3 - 22*t**2 + 493*t + 21. Give p(14).
-133
Let r(g) = 2*g**2 - 18*g - 164. Determine r(15).
16
Let l(d) = 2*d**2 - 74*d - 58. Calculate l(38).
18
Let c(u) = 403*u + 2027. Determine c(-5).
12
Let t(u) = -42*u + 11. Give t(-2).
95
Let m(a) = -1132*a + 20322. Give m(18).
-54
Let r(u) = 1538*u + 4605. Give r(-3).
-9
Let n(s) = -2*s**3 + 10*s**2 + 100*s - 4. Give n(-5).
-4
Let s(t) = -22*t**2 - 352*t - 335. Give s(-15).
-5
Let n(z) = -285*z**3 + 1423*z**2 + 9*z + 5. What is n(5)?
0
Let s(b) = -2*b**2 - 20*b - 1. What is s(-7)?
41
Let t(z) = -1106*z**2 - 4418*z + 28. Determine t(-4).
4
Let l(f) = f**3 + 5*f**2 - 72*f + 119. Calculate l(2).
3
Let u(v) = 4049*v + 121468. Determine u(-30).
-2
Let a(u) = u**2 - 916*u - 7405. What is a(-8)?
-13
Let x(t) = -t**3 + 12*t**2 - 22*t - 79. What is x(5)?
-14
Let k(p) = -8*p**2 - 176*p - 13. Determine k(-22).
-13
Let k(z) = z**3 + 23*z**2 + 32*z - 39. Give k(-22).
-259
Let a(s) = -2*s**2 + 5*s + 16. Calculate a(-4).
-36
Let c(n) = -14*n**2 - 12*n + 35. Determine c(4).
-237
Let s(c) = 255*c + 5244. Determine s(-21).
-111
Let h(r) = 16*r**3 - 3*r - 4. Determine h(-1).
-17
Let u(j) = j**3 - 114*j**2 + 1788*j + 1613. Determine u(95).
-2
Let u(p) = -2*p**2 - 95*p + 5. Give u(-35).
880
Let x(m) = -5*m**2 + 5*m + 59. Determine x(-4).
-41
Let f(t) = -18*t**2 - 179*t + 15. Calculate f(-10).
5
Let t(d) = 20*d - 953. Determine t(47).
-13
Let s(x) = -51*x - 82. What is s(-4)?
122
Let f(r) = 707*r + 9185. What is f(-13)?
-6
Let b(q) = q**3 - q**2 + 13*q + 1. Calculate b(4).
101
Let h(u) = 5*u**3 + 72*u**2 + 17*u - 113. What is h(-14)?
41
Let d(z) = 4*z**2 - 10*z + 28. Calculate d(6).
112
Let k(t) = 16*t**3 + 2*t**2 - 6*t + 3. Determine k(1).
15
Let x(y) = -y**3 - 38*y**2 - 137*y - 10. What is x(-34)?
24
Let h(j) = -37*j - 218. Give h(-7).
41
Let m(j) = -j**2 - 117*j - 1145. Determine m(-106).
21
Let i(t) = 2*t**2 - 1160*t + 6. Give i(0).
6
Let d(y) = -17*y**2 - 290*y - 15. What is d(-17)?
2
Let c(v) = 31*v - 772. Calculate c(25).
3
Let j(s) = s**2 + 97*s - 4462. What is j(34)?
-8
Let m(y) = -2*y**2 - 26*y + 749. What is m(-27)?
-7
Let j(u) = -u**2 - 5*u + 18. Give j(8).
-86
Let f(p) = 3*p**2 + 109*p + 297. Give f(-3).
-3
Let y(w) = 68*w + 450. Determine y(-7).
-26
Let t(q) = 3*q**3 - 44*q**2 + 13*q - 21. Calculate t(14).
-231
Let b(m) = -820*m + 4865. Give b(6).
-55
Let d(y) = 8*y**2 - 447*y - 94. Give d(56).
-38
Let m(o) = -350*o - 1047. Determine m(-3).
3
Let t(k) = 2*k**3 - 28*k**2 - 32*k + 175. Calculate t(15).
145
Let h(p) = -61*p + 1159. What is h(19)?
0
Let p(y) = -569*y + 32429. Determine p(57).
-4
Let x(i) = -i**3 + 2*i**2 + 576*i - 3299. Determine x(6).
13
Let u(c) = 629*c + 11960. Determine u(-19).
9
Let u(c) = 175*c - 9798. Give u(56).
2
Let q(i) = i**3 - 13*i**2 - 55*i + 122. Give q(16).
10
Let z(m) = -397*m - 906. Calculate z(-3).
285
Let k(i) = 28*i - 638. Determine k(22).
-22
Let k(i) = i**3 - 36*i**2 + 70*i - 156. Give k(34).
-88
Let g(z) = -z**3 + 54*z**2 + 50*z + 3472. Determine g(56).
0
Let q(i) = 2*i**2 + 131*i + 479. What is q(-62)?
45
Let t(d) = -d**2 + 13*d + 27. Give t(17).
-41
Let x(k) = 83*k - 560. Determine x(6).
-62
Let l(w) = 279*w + 1125. Give l(-5).
-270
Let v(c) = -10*c + 17. Determine v(-20).
217
Let y(w) = -572*w + 568. Calculate y(1).
-4
Let w(m) = -m**3 + 4*m**2 - 7*m - 20. Calculate w(6).
-134
Let y(x) = 251*x + 3745. Determine y(-15).
-20
Let f(n) = -13*n**3 - 26*n**2 + 6*n + 11. Determine f(-2).
-1
Let k(i) = -6*i**3 - 3*i**2 - 39*i - 53. Give k(-2).
61
Let q(u) = -1321*u + 5273. What is q(4)?
-11
Let l(f) = f**3 - 16*f**2 + 46*f - 34. Calculate l(6).
-118
Let l(p) = p**3 - 76*p**2 - 411*p + 510. Calculate l(81).
24
Let q(i) = 3*i**2 + 86*i - 20. What is q(-29)?
9
Let u(k) = 2*k**2 + 378*k - 6127. What is u(15)?
-7
Let o(n) = n**3 - 11*n**2 - 43*n + 479. Determine o(11).
6
Let d(a) = 119*a - 2858. Give d(24).
-2
Let f(r) = 532*r - 2123. Determine f(4).
5
Let p(l) = -2*l**2 - 281*l - 3424. Give p(-127).
5
Let u(t) = -3*t - 44. Calculate u(-7).
-23
Let m(q) = 7*q**2 + 80*q + 24. What is m(-11)?
-9
Let y(i) = -293*i - 27537. Determine y(-94).
5
Let d(m) = 273*m + 74. Determine d(0).
74
Let b(f) = 247*f - 25. Calculate b(1).
222
Let a(z) = 272*z**3 + 4*z**2 + 4*z + 1. What is a(-1)?
-271
Let t(l) = 3*l**2 + 150*l + 113. What is t(-47)?
-310
Let x(w) = w**3 - 5*w**2 + 7*w - 174. Determine x(10).
396
Let k(o) = -155*o - 944. Determine k(-6).
-14
Let g(f) = 5*f**2 - 76*f + 64. Give g(14).
-20
Let u(z) = -z**2 + 89*z - 641. Give u(7).
-67
Let c(x) = x**3 - 7*x**2 + 22*x - 113. Calculate c(6).
-17
Let d(x) = -x + 6. Calculate d(-11).
17
Let q(i) = 4149*i - 103748. What is q(25)?
-23
Let x(t) = -576*t - 14987. What is x(-26)?
-11
Let u(v) = -8*v**3 - 54*v**2 + 14*v - 14. What is u(-7)?
-14
Let b(t) = -5*t**2 + 202*t + 360. Calculate b(42).
24
Let n(k) = 42*k**2 - 10163*k - 256. Calculate n(242).
-14
Let i(s) = 36*s + 289. What is i(-8)?
1
Let f(y) = -3*y**2 + 10*y - 73. What is f(6)?
-121
Let q(w) = 35*w + 11. Give q(4).
151
Let b(z) = -2*z**3 - 4*z**2 - 3*z - 1. What is b(-4)?
75
Let u(a) = -4*a**2 + 122*a - 915. Determine u(11).
-57
Let f(q) = -2*q**3 - 352*q**2 + 9*q + 1604. Calculate f(-176).
20
Let l(t) = t**3 - 21*t**2 + 3*t - 1793. What is l(24)?
7
Let d(j) = -108*j + 58. Determine d(0).
58
Let q(t) = t**3 - 325*t**2 + 923*t + 13838. Determine q(322).
-8
Let h(n) = -21*n**2 + 1765*n - 82. What is h(84)?
2
Let u(s) = 3*s**3 + s**2 - 4*s - 9. Determine u(0).
-9
Let m(z) = -133*z - 13430. Calculate m(-101).
3
Let g(v) = -v**3 + 3*v**2 + 85*v + 304. What is g(-4)?
76
Let f(t) = -t**3 + 11*t**2 + 9*t - 27. Calculate f(11).
72
Let x(n) = n**3 - 19*n**2 + 39*n - 30. Calculate x(17).
55
Let l(o) = -59*o + 674. Give l(16).
-270
Let n(z) = -18*z**3 + 73*z**2 + 8*z - 25. Determine n(4).
23
Let s(y) = -13*y - 777. Determine s(-85).
328
Let r(z) = -11*z + 285. Give r(26).
-1
Let s(d) = -d**3 + 6*d**2 + 10*d + 26. What is s(9)?
-127
Let g(a) = -20*a**2 + 5*a + 7. Calculate g(-1).
-18
Let u(r) = 511*r + 205421. Calculate u(-402).
-1
Let u(x) = 21*x - 127. Calculate u(5).
-22
Let w(g) = g**2 - 764*g + 17045. What is w(23)?
2
Let g(o) = -19*o - 97. Calculate g(9).
-268
Let x(y) = -24*y - 292. Calculate x(-15).
68
Let k(p) = -25*p + 1926. Determine k(78).
-24
Let z(f) = -f**2 + 414*f + 105. Determine z(0).
105
Let d(n) = -n**2 - 191*n - 1520. Determine d(-8).
-56
Let v(u) = 22*u**2 - 4*u + 26. Give v(4).
362
Let t(f) = f**3 + 15*f**2 + 40*f - 4. Calculate t(-11).
40
Let m(u) = u**2 - 187*u + 7708. Give m(126).
22
Let h(r) = -1676*r + 33493. Determine h(20).
-27
Let s(t) = 5*t + 195. What is s(-31)?
40
Let r(n) = -24*n**2 - 1454*n + 551. Give r(-61).
-59
Let z(f) = -306*f + 502. Give z(2).
-110
Let v(f) = -39*f + 408. Calculate v(17).
-255
Let q(c) = c**3 - 17*c**2 - 33*c + 18. Give q(19).
113
Let l(h) = 15*h**2 + 3505*h - 1179. Give l(-234).
-9
Let b(d) = -8*d**2 - 61*d - 49. Calculate b(-13).
-608
Let t(n) = -35*n - 122. Give t(-4).
18
Let q(f) = 18*f - 17. Determine q(3).
37
Let h(r) = r**3 - r**2 - 5*r - 4. Give h(4).
24
Let r(z) = -4*z - 171. What is r(-39)?
-15
Let o(a) = a**3 + 19*a**2 - 614*a + 22. Give o(17).
-12
Let a(d) = 59*d + 4533. Give a(-77).
-10
Let s(q) = q**2 + 6*q - 51. Give s(8).
61
Let i(y) = -23*y**2 - 179*y - 99. Determine i(-7).
27
Let p(x) = -x**2 + 44*x + 248. Calculate p(-5).
3
Let n(a) = 35*a**2 + 805*a + 24. Give n(-23).
24
Let i(l) = -15*l - 2081. Give i(-130).
-131
Let z(o) = -o**3 + 39*o**2 - 339*o + 13. Determine z(13).
0
Let x(f) = -8*f**2 + 366*f - 735. What is x(2)?
-35
Let d(r) = r**2 + 38*r + 342. Give d(-14).
6
Let l(z) = z**3 + 41*z**2 + 392*z - 401. Give l(-18).
-5
Let i(z) = 15*z + 311. Calculate i(-9).
176
Let w(v) = -2*v**2 + 14*v + 142. Calculate w(-6).
-14
Let o(i) = -113*i**2 + 467*i - 53. Calculate o(4).
7
Let q(d) = -d**2 - 43*d + 672. What is q(-53)?
142
Let w(m) = 115*m**2 + 19*m + 6. Determine w(-2).
428
Let c(l) = -59*l + 1213. What is c(8)?
741
Let y(v) = -3*v - 3. Give y(-20).
57
L